
45
What is the remainder when 1064421 is divided by 4546?
657
What is the remainder when 7138707 is divided by 475907?
102
What is the remainder when 1009061 is divided by 168123?
323
What is the remainder when 4491510 is divided by 449151?
0
What is the remainder when 70492931 is divided by 205?
196
Calculate the remainder when 600945 is divided by 3163.
3138
What is the remainder when 26298 is divided by 26211?
87
Calculate the remainder when 7430672 is divided by 451.
447
What is the remainder when 1178155 is divided by 693?
55
What is the remainder when 348447 is divided by 955?
827
Calculate the remainder when 21813 is divided by 1150.
1113
What is the remainder when 33533696 is divided by 242?
240
What is the remainder when 86672 is divided by 4299?
692
What is the remainder when 461443 is divided by 91819?
2348
What is the remainder when 9823 is divided by 9365?
458
Calculate the remainder when 276789 is divided by 2774.
2163
Calculate the remainder when 18157 is divided by 8253.
1651
Calculate the remainder when 13313691 is divided by 187.
39
Calculate the remainder when 6379381 is divided by 772.
345
Calculate the remainder when 2420270 is divided by 29.
17
Calculate the remainder when 893268 is divided by 1823.
1821
Calculate the remainder when 3333 is divided by 111.
3
Calculate the remainder when 2060 is divided by 174.
146
What is the remainder when 35485130 is divided by 1345?
1340
What is the remainder when 467790 is divided by 192?
78
What is the remainder when 3151879 is divided by 717?
664
Calculate the remainder when 906007 is divided by 301952.
151
Calculate the remainder when 22339 is divided by 5107.
1911
What is the remainder when 87221 is divided by 43496?
229
Calculate the remainder when 854397 is divided by 12.
9
Calculate the remainder when 262054 is divided by 1030.
434
What is the remainder when 63539437 is divided by 57?
55
Calculate the remainder when 4457840 is divided by 2228765.
310
What is the remainder when 31011408 is divided by 5168568?
0
Calculate the remainder when 33866439 is divided by 94.
25
What is the remainder when 1086054 is divided by 309?
228
What is the remainder when 369041 is divided by 241?
70
What is the remainder when 448679 is divided by 149460?
299
What is the remainder when 1404529 is divided by 28077?
679
What is the remainder when 8557039 is divided by 733?
730
Calculate the remainder when 804593 is divided by 61891.
10
What is the remainder when 9748326 is divided by 30087?
138
What is the remainder when 87522 is divided by 289?
244
Calculate the remainder when 168936 is divided by 56217.
285
Calculate the remainder when 35776 is divided by 36.
28
What is the remainder when 184221 is divided by 26259?
408
What is the remainder when 10647639 is divided by 33802?
9
Calculate the remainder when 6482074 is divided by 2160681.
31
What is the remainder when 50441902 is divided by 464?
462
Calculate the remainder when 506107 is divided by 6346.
4773
Calculate the remainder when 57460 is divided by 5348.
3980
What is the remainder when 106459 is divided by 8170?
249
Calculate the remainder when 1072484 is divided by 3173.
10
What is the remainder when 9653331 is divided by 433?
29
Calculate the remainder when 4269298 is divided by 38.
36
Calculate the remainder when 964029 is divided by 280.
269
What is the remainder when 155190 is divided by 4547?
592
Calculate the remainder when 885800 is divided by 15538.
134
Calculate the remainder when 5902703 is divided by 24.
23
What is the remainder when 1598805 is divided by 559?
65
Calculate the remainder when 210663 is divided by 1285.
1208
What is the remainder when 404297 is divided by 6489?
1979
Calculate the remainder when 249710 is divided by 62202.
902
What is the remainder when 758735 is divided by 984?
71
Calculate the remainder when 1152672 is divided by 209.
37
What is the remainder when 5707307 is divided by 3265?
87
Calculate the remainder when 3557288 is divided by 110.
108
What is the remainder when 259605 is divided by 700?
605
Calculate the remainder when 3103761 is divided by 81674.
149
Calculate the remainder when 48957 is divided by 146.
47
Calculate the remainder when 1021020 is divided by 15239.
7
What is the remainder when 967851 is divided by 2942?
2875
What is the remainder when 2386364 is divided by 602?
36
What is the remainder when 26268 is divided by 470?
418
What is the remainder when 1465425 is divided by 9?
0
Calculate the remainder when 300723 is divided by 328.
275
What is the remainder when 8860011 is divided by 80?
11
What is the remainder when 169278 is divided by 4?
2
Calculate the remainder when 165577 is divided by 356.
37
Calculate the remainder when 5477614 is divided by 188883.
7
Calculate the remainder when 808218853 is divided by 7874.
7871
Calculate the remainder when 398445 is divided by 132812.
9
What is the remainder when 1604554 is divided by 32740?
294
Calculate the remainder when 278261 is divided by 894.
227
What is the remainder when 168978 is divided by 995?
823
What is the remainder when 351725 is divided by 1095?
230
Calculate the remainder when 10220736 is divided by 1126.
34
What is the remainder when 60409574 is divided by 4?
2
Calculate the remainder when 159346 is divided by 588.
586
Calculate the remainder when 156972961 is divided by 296.
17
Calculate the remainder when 4811746 is divided by 480.
226
Calculate the remainder when 2604638 is divided by 1302297.
44
What is the remainder when 2386843 is divided by 11816?
11
Calculate the remainder when 15088 is divided by 276.
184
Calculate the remainder when 993585 is divided by 136.
105
What is the remainder when 5164930 is divided by 3313?
3276
Calculate the remainder when 246894 is divided by 189.
60
Calculate the remainder when 16405287 is divided by 90.
87
What is the remainder when 1002029 is divided by 6222?
287
Calculate the remainder when 69515 is divided by 20034.
9413
Calculate the remainder when 37276 is divided by 36432.
844
Calculate the remainder when 156585 is divided by 510.
15
Calculate the remainder when 30831 is divided by 1698.
267
What is the remainder when 18527 is divided by 769?
71
What is the remainder when 2856546 is divided by 571216?
466
Calculate the remainder when 700789 is divided by 19.
12
What is the remainder when 132993545 is divided by 563?
559
Calculate the remainder when 1130748 is divided by 102786.
102
What is the remainder when 31699614 is divided by 2820?
2814
Calculate the remainder when 910192 is divided by 2717.
2714
Calculate the remainder when 2660269 is divided by 2204.
41
What is the remainder when 1228848 is divided by 5372?
4032
Calculate the remainder when 11469 is divided by 1009.
370
What is the remainder when 441221 is divided by 207?
104
What is the remainder when 91629170 is divided by 30543054?
8
What is the remainder when 1755306 is divided by 1508?
1502
Calculate the remainder when 3376065 is divided by 1298.
1265
Calculate the remainder when 11260219 is divided by 3630.
3589
Calculate the remainder when 511429 is divided by 1425.
1279
Calculate the remainder when 10355626 is divided by 1313.
1308
What is the remainder when 1292936 is divided by 110?
106
What is the remainder when 109436 is divided by 54310?
816
Calculate the remainder when 9435696 is divided by 90.
6
Calculate the remainder when 1298795 is divided by 1086.
1025
Calculate the remainder when 1855177 is divided by 115.
112
What is the remainder when 153650313 is divided by 635?
633
Calculate the remainder when 3133796 is divided by 71.
69
Calculate the remainder when 1909067 is divided by 3818.
67
Calculate the remainder when 11216802 is divided by 100.
2
What is the remainder when 117658 is divided by 2500?
158
Calculate the remainder when 76122 is divided by 5437.
4
Calculate the remainder when 475042 is divided by 21592.
18
What is the remainder when 26025092 is divided by 41?
14
What is the remainder when 1933750 is divided by 1987?
399
What is the remainder when 217241 is divided by 2311?
7
What is the remainder when 16239463 is divided by 2706575?
13
Calculate the remainder when 39620897 is divided by 1247.
1213
Calculate the remainder when 26355 is divided by 1085.
315
Calculate the remainder when 276